{"id":414,"date":"2020-08-29T12:43:00","date_gmt":"2020-08-29T11:43:00","guid":{"rendered":"http:\/\/www.ganzheitlichepraxis-ennstal.at\/cms\/?page_id=414"},"modified":"2020-08-29T11:49:43","modified_gmt":"2020-08-29T10:49:43","slug":"aufklaerung","status":"publish","type":"page","link":"https:\/\/www.ganzheitlichepraxis-ennstal.at\/cms\/aufklaerung\/","title":{"rendered":"Aufkl\u00e4rung"},"content":{"rendered":"\n<p>Die energetische Hilfestellung besch\u00e4ftigt sich ausschlie\u00dflich mit der Aktivierung und Harmonisierung k\u00f6rpereigener Energiefelder (Lebensenergie). Ich wurde dar\u00fcber informiert und nehme zur Kenntnis, dass ich als Klientin\/Klient energetische Hilfestellung, die unter Zuhilfenahme von Bioresonanz oder \u00e4hnlichen gewerblich erlaubten Methoden durchgef\u00fchrt wird, erhalte.<\/p>\n\n\n\n<p>Da diese Ma\u00dfnahmen und die Auswahl der Ma\u00dfnahmen ausschlie\u00dflich zur Wiederherstellung und Harmonisierung der k\u00f6rpereigenen Energiefelder dienen, stellen sie keine Heilbehandlung im Sinne des \u00c4rztevorbehaltes dar.<\/p>\n\n\n\n<p>Die Wirkungsweise und der Erfolg der energetischen Behandlung ist wissenschaftlich nicht belegt bzw. bei bestimmten Methoden widerlegt.<\/p>\n\n\n\n<p>Dementsprechend ist die energetische Behandlung keinerlei Ersatz f\u00fcr \u00e4rztliche Diagnose und Therapie und auch keinerlei Ersatz f\u00fcr psychologische oder psychotherapeutische Untersuchung oder Behandlung. S\u00e4mtliche Aussagen und Ratschl\u00e4ge sind keine Diagnosen sondern stellen reine energetische Zustandsbeschreibungen dar.<\/p>\n\n\n\n<p>Ich wurde dar\u00fcber informiert, dass ich mich f\u00fcr eine schulmedizinische Diagnoseerstellung und Heilbehandlung an meine \u00c4rztin\/meinen Arzt wenden muss.<\/p>\n\n\n\n<p style=\"font-size:10px\" class=\"has-text-color has-cyan-bluish-gray-color\">Quelle: <br>https:\/\/www.wko.at\/branchen\/ooe\/gewerbe-handwerk\/persoenliche-dienstleister\/humanenergetiker\/128-Aufklaerungsbogen.pdf [23.08.2020].<\/p>\n","protected":false},"excerpt":{"rendered":"<p>Aufkl\u00e4rung energetische Hilfestellung WKO<\/p>\n","protected":false},"author":4,"featured_media":0,"parent":0,"menu_order":0,"comment_status":"closed","ping_status":"closed","template":"","meta":{"footnotes":""},"class_list":["post-414","page","type-page","status-publish","hentry"],"_links":{"self":[{"href":"https:\/\/www.ganzheitlichepraxis-ennstal.at\/cms\/wp-json\/wp\/v2\/pages\/414","targetHints":{"allow":["GET"]}}],"collection":[{"href":"https:\/\/www.ganzheitlichepraxis-ennstal.at\/cms\/wp-json\/wp\/v2\/pages"}],"about":[{"href":"https:\/\/www.ganzheitlichepraxis-ennstal.at\/cms\/wp-json\/wp\/v2\/types\/page"}],"author":[{"embeddable":true,"href":"https:\/\/www.ganzheitlichepraxis-ennstal.at\/cms\/wp-json\/wp\/v2\/users\/4"}],"replies":[{"embeddable":true,"href":"https:\/\/www.ganzheitlichepraxis-ennstal.at\/cms\/wp-json\/wp\/v2\/comments?post=414"}],"version-history":[{"count":2,"href":"https:\/\/www.ganzheitlichepraxis-ennstal.at\/cms\/wp-json\/wp\/v2\/pages\/414\/revisions"}],"predecessor-version":[{"id":416,"href":"https:\/\/www.ganzheitlichepraxis-ennstal.at\/cms\/wp-json\/wp\/v2\/pages\/414\/revisions\/416"}],"wp:attachment":[{"href":"https:\/\/www.ganzheitlichepraxis-ennstal.at\/cms\/wp-json\/wp\/v2\/media?parent=414"}],"curies":[{"name":"wp","href":"https:\/\/api.w.org\/{rel}","templated":true}]}}